alse
Is 4066280330 a multiple of 193?
True
Is 3508400 a multiple of 20?
True
Is 182171568 a multiple of 8?
True
Is 537 a factor of 575467656?
False
Does 6012 divide 124075656?
True
Is 11 a factor of 65603263?
True
Does 99 divide 2096520327?
True
Does 168 divide 39265968?
True
Is 7 a factor of 35972629?
True
Is 56 a factor of 29303535?
False
Is 3436 a factor of 6538951956?
True
Is 6227972 a multiple of 454?
True
Does 142 divide 71186020?
True
Is 215578384 a multiple of 3076?
True
Is 1991788 a multiple of 62?
False
Is 22 a factor of 572747047?
False
Does 535 divide 1467965354?
False
Is 53673168 a multiple of 183?
True
Is 6 a factor of 41849854?
False
Is 484 a factor of 138473684?
False
Does 14 divide 132080046?
True
Is 99 a factor of 907691124?
False
Does 22 divide 80663902?
True
Is 2570 a factor of 157389688?
False
Is 4300631063 a multiple of 191?
True
Is 24 a factor of 764805025?
False
Is 67 a factor of 194191913?
False
Is 286 a factor of 155178738?
True
Is 9 a factor of 758222115?
False
Is 4 a factor of 90885113?
False
Does 898 divide 24809944?
True
Is 196 a factor of 330373790?
False
Is 17 a factor of 256799?
False
Does 62 divide 41284879?
False
Is 4 a factor of 1210891460?
True
Does 849 divide 941432328?
True
Is 1610 a factor of 787108070?
True
Is 167692563 a multiple of 9?
True
Is 151028050 a multiple of 67?
True
Is 557 a factor of 6401964?
False
Is 1339 a factor of 339441856?
True
Is 5613818 a multiple of 10?
False
Is 1828480830 a multiple of 86?
True
Does 2 divide 49809037?
False
Is 196 a factor of 2611004357?
False
Does 714 divide 3853144?
False
Is 39157442 a multiple of 157?
False
Is 385755088 a multiple of 3?
False
Is 4 a factor of 267772536?
True
Does 5325 divide 7552003606?
False
Does 112 divide 63584935?
False
Does 102 divide 98623768?
False
Does 66 divide 37098402?
True
Is 2078744096 a multiple of 14?
False
Does 448 divide 19254144?
True
Is 71677989 a multiple of 7?
False
Is 47 a factor of 70122257?
False
Is 2923 a factor of 1248793290?
True
Does 84 divide 872291952?
True
Does 364 divide 31639645?
False
Is 5908480 a multiple of 256?
True
Is 4089580986 a multiple of 1908?
False
Is 1911263966 a multiple of 29?
True
Is 1511031 a multiple of 61?
True
Is 1726848459 a multiple of 1211?
True
Does 1424 divide 97434352?
True
Does 1706 divide 43714544?
True
Is 52870138 a multiple of 29?
False
Is 27 a factor of 241748442?
True
Does 22 divide 71964253?
False
Does 3453 divide 4963103943?
True
Does 9 divide 8036109?
True
Does 5 divide 277180?
True
Does 6434 divide 2581855432?
False
Does 202 divide 1496758?
False
Is 94 a factor of 615254440?
True
Is 14159005 a multiple of 42?
False
Is 311 a factor of 40740608?
False
Does 60 divide 1046916060?
True
Does 511 divide 9096343?
False
Does 93 divide 14656986?
True
Is 78 a factor of 1289880778?
False
Is 927 a factor of 12246961?
False
Is 17 a factor of 16950037?
True
Is 625703820 a multiple of 3738?
True
Does 53 divide 149264748?
True
Does 7955 divide 40921310?
False
Is 103 a factor of 167546598?
True
Does 220 divide 41351157?
False
Is 6 a factor of 16156410?
True
Is 135564096 a multiple of 776?
True
Is 40354783 a multiple of 371?
True
Does 788 divide 79919869?
False
Does 988 divide 84255652?
True
Is 65281553 a multiple of 5?
False
Is 27230238 a multiple of 42?
True
Does 14 divide 750681759?
False
Is 163603578 a multiple of 4?
False
Does 27 divide 179486077?
False
Is 13 a factor of 3477416868?
False
Is 35 a factor of 1639888849?
False
Is 1401477733 a multiple of 98?
False
Is 203035854 a multiple of 4506?
True
Is 112 a factor of 282800112?
True
Is 18945485 a multiple of 13?
True
Is 2573078228 a multiple of 1348?
False
Does 15 divide 4039020?
True
Is 67 a factor of 289023085?
False
Is 2533 a factor of 143322206?
True
Is 544 a factor of 19620411?
False
Is 8 a factor of 5670312736?
True
Is 1042 a factor of 449918928?
True
Is 624040456 a multiple of 18?
False
Is 254 a factor of 446013157?
False
Is 21397770 a multiple of 810?
True
Does 409 divide 6106370?
True
Does 8 divide 70969152?
True
Is 3495857 a multiple of 21?
False
Is 45 a factor of 40447464?
False
Is 94 a factor of 18343724?
True
Is 31 a factor of 138357123?
True
Is 392727934 a multiple of 728?
False
Is 640 a factor of 1070665328?
False
Does 84 divide 27269424?
True
Is 81486705 a multiple of 354?
False
Is 1667 a factor of 450866822?
True
Does 3 divide 36614593?
False
Is 18 a factor of 1044203664?
False
Is 1400624640 a multiple of 333?
True
Is 3129 a factor of 2066186542?
False
Is 68 a factor of 2045982708?
True
Is 12 a factor of 363572088?
True
Does 33 divide 104894124?
False
Is 458 a factor of 176620695?
False
Does 24 divide 358373549?
False
Does 2174 divide 79424916?
True
Is 449 a factor of 359149263?
True
Is 259 a factor of 86079168?
True
Does 275 divide 436966865?
False
Is 1304 a factor of 990505360?
True
Does 1412 divide 482099160?
True
Is 11 a factor of 377630431?
False
Is 75512187 a multiple of 431?
False
Does 1348 divide 13950452?
True
Does 34 divide 234024149?
False
Is 698 a factor of 1336584360?
False
Does 71 divide 10139758?
False
Is 3691 a factor of 113348007?
False
Is 30 a factor of 19208174?
False
Does 155 divide 308030?
False
Is 707 a factor of 7623581?
True
Is 15 a factor of 160956156?
False
Is 70196326 a multiple of 54?
False
Is 53876992 a multiple of 416?
True
Is 107830440 a multiple of 12?
True
Does 46 divide 363903858?
False
Is 292685664 a multiple of 48?
True
Does 669 divide 24441915?
True
Is 57294086 a multiple of 2874?
False
Is 7 a factor of 196449079?
False
Does 46 divide 953602?
False
Is 66701550 a multiple of 25?
True
Is 360185126 a multiple of 15?
False
Does 3341 divide 77320572?
False
Is 12 a factor of 2644455115?
False
Is 104105430 a multiple of 143?
True
Does 14 divide 18607681?
False
Is 292780236 a multiple of 12?
True
Is 86262079 a multiple of 13?
False
Is 51 a factor of 423100305?
False
Does 63 divide 196922691?
True
Is 315567170 a multiple of 85?
False
Is 44 a factor of 1233532916?
True
Is 2284 a factor of 6529956?
True
Is 176410379 a multiple of 18?
False
Does 346 divide 21227792?
True
Is 973190472 a multiple of 6312?
True
Is 12 a factor of 5796249416?
False
Does 604 divide 399557404?
False
Does 69 divide 22021953?
False
Does 82 divide 34125482?
False
Is 2503024 a multiple of 2143?
True
Is 15 a factor of 595059093?
False
Is 510 a factor of 130495230?
True
Is 178982976 a multiple of 1767?
False
Is 149 a factor of 94504293?
True
Does 2517 divide 394001112?
True
Is 9817902 even?
True
Is 44097331 a multiple of 12?
False
Does 601 divide 341473175?
True
Does 417 divide 727352744?
False
Is 26352718 a multiple of 14?
True
Is 339602445 a multiple of 4445?
True
Is 694638016 a multiple of 12?
False
Does 13 divide 2279987291?
False
Does 43 divide 118577918?
True
Is 6878214 a multiple of 7?
True
Is 135855204 a multiple of 138?
True
Does 237 divide 32533479?
False
Is 62 a factor of 56294326?
True
Is 581 a factor of 407738469?
False
Is 3738 a factor of 22466915?
False
Is 22437400 a multiple of 40?
True
Is 2181132169 a multiple of 3067?
False
Is 13982791 a multiple of 8?
False
Is 2189832080 a multiple of 16?
True
Is 78276515 a multiple of 2109?
False
Does 174 divide 3795009080?
False
Is 27 a factor of 5439773?
False
Is 387 a factor of 2669184354?
False
Is 25389587 a multiple of 108?
False
Is 1027310935 a multiple of 493?
True
Is 11878893 a multiple of 783?
True
Is 322710444 a multiple of 14?
True
Is 2 a factor of 11807321?
False
Is 1711354288 a multiple of 16?
True
Does 1239 divide 66254152?
False
Is 506003498 a multiple of 9?
False
Does 35 divide 10872502?
False
Is 455607620 a multiple of 31?
True
Is 1022 a factor of 460786074?
True
Is 176005856 a multiple of 588?
False
Does 3 divide 9605088?
True
Is 1475 a factor of 1297580699?
False
Is 14 a factor of 539409038?
True
Is 256907170 a multiple of 1235?
True
Does 131 divide 285920993?
True
Is 8 a factor of 29988980?
False
Is 531 a factor of 404410662?
True
Is 151261974 a multiple of 10?
False
Is 10 a factor of 11921486?
False
Is 793 a factor of 197740894?
True
Is 23430467 a multiple of 1750?
False
Is 832 a factor of 67985946?
False
Does 25 divide 9517275?
True
Is 48 a factor of 426987168?
True
Does 3296 divide 5267008?
True
Does 112 divide 1842013488?
True
Is 16 a factor of 7026